[INFO] cloning repository https://github.com/SmileF4ce/rust
[INFO] running `Command { std: "git" "-c" "credential.helper=" "-c" "credential.helper=/workspace/cargo-home/bin/git-credential-null" "clone" "--bare" "https://github.com/SmileF4ce/rust" "/workspace/cache/git-repos/https%3A%2F%2Fgithub.com%2FSmileF4ce%2Frust", kill_on_drop: false }`
[INFO] [stderr] Cloning into bare repository '/workspace/cache/git-repos/https%3A%2F%2Fgithub.com%2FSmileF4ce%2Frust'...
[INFO] running `Command { std: "git" "rev-parse" "HEAD", kill_on_drop: false }`
[INFO] [stdout] 0efc6f9f31822bdf9c799ea66a0ca6811b51d518
[INFO] checking SmileF4ce/rust against try#72f88fc4e9458f89516a0b8b0868f3718aec5b47 for pr-74989
[INFO] running `Command { std: "git" "clone" "/workspace/cache/git-repos/https%3A%2F%2Fgithub.com%2FSmileF4ce%2Frust" "/workspace/builds/worker-13/source", kill_on_drop: false }`
[INFO] [stderr] Cloning into '/workspace/builds/worker-13/source'...
[INFO] [stderr] done.
[INFO] validating manifest of git repo https://github.com/SmileF4ce/rust on toolchain 72f88fc4e9458f89516a0b8b0868f3718aec5b47
[INFO] running `Command { std: "/workspace/cargo-home/bin/cargo" "+72f88fc4e9458f89516a0b8b0868f3718aec5b47" "read-manifest" "--manifest-path" "Cargo.toml", kill_on_drop: false }`
[INFO] started tweaking git repo https://github.com/SmileF4ce/rust
[INFO] finished tweaking git repo https://github.com/SmileF4ce/rust
[INFO] tweaked toml for git repo https://github.com/SmileF4ce/rust written to /workspace/builds/worker-13/source/Cargo.toml
[INFO] crate git repo https://github.com/SmileF4ce/rust already has a lockfile, it will not be regenerated
[INFO] running `Command { std: "/workspace/cargo-home/bin/cargo" "+72f88fc4e9458f89516a0b8b0868f3718aec5b47" "fetch" "--locked" "--manifest-path" "Cargo.toml", kill_on_drop: false }`
[INFO] running `Command { std: "docker" "create" "-v" "/var/lib/crater-agent-workspace/builds/worker-13/target:/opt/rustwide/target:rw,Z" "-v" "/var/lib/crater-agent-workspace/builds/worker-13/source:/opt/rustwide/workdir:ro,Z" "-v" "/var/lib/crater-agent-workspace/cargo-home:/opt/rustwide/cargo-home:ro,Z" "-v" "/var/lib/crater-agent-workspace/rustup-home:/opt/rustwide/rustup-home:ro,Z" "-e" "SOURCE_DIR=/opt/rustwide/workdir" "-e" "CARGO_TARGET_DIR=/opt/rustwide/target" "-e" "CARGO_HOME=/opt/rustwide/cargo-home" "-e" "RUSTUP_HOME=/opt/rustwide/rustup-home" "-w" "/opt/rustwide/workdir" "-m" "1610612736" "--user" "0:0" "--network" "none" "rustops/crates-build-env@sha256:d92eaeed33fa75130ca1ee6c8a01d1ffb62bac859dfdfb3450e3e5d1c0146529" "/opt/rustwide/cargo-home/bin/cargo" "+72f88fc4e9458f89516a0b8b0868f3718aec5b47" "metadata" "--no-deps" "--format-version=1", kill_on_drop: false }`
[INFO] [stdout] caf1140e2d9b2a4593836b71c2f992bdbe69bc6c3fa0eb51ca8dcd9161a77c6a
[INFO] [stderr] WARNING: Your kernel does not support swap limit capabilities or the cgroup is not mounted. Memory limited without swap.
[INFO] running `Command { std: "docker" "start" "-a" "caf1140e2d9b2a4593836b71c2f992bdbe69bc6c3fa0eb51ca8dcd9161a77c6a", kill_on_drop: false }`
[INFO] running `Command { std: "docker" "inspect" "caf1140e2d9b2a4593836b71c2f992bdbe69bc6c3fa0eb51ca8dcd9161a77c6a", kill_on_drop: false }`
[INFO] running `Command { std: "docker" "rm" "-f" "caf1140e2d9b2a4593836b71c2f992bdbe69bc6c3fa0eb51ca8dcd9161a77c6a", kill_on_drop: false }`
[INFO] [stdout] caf1140e2d9b2a4593836b71c2f992bdbe69bc6c3fa0eb51ca8dcd9161a77c6a
[INFO] running `Command { std: "docker" "create" "-v" "/var/lib/crater-agent-workspace/builds/worker-13/target:/opt/rustwide/target:rw,Z" "-v" "/var/lib/crater-agent-workspace/builds/worker-13/source:/opt/rustwide/workdir:ro,Z" "-v" "/var/lib/crater-agent-workspace/cargo-home:/opt/rustwide/cargo-home:ro,Z" "-v" "/var/lib/crater-agent-workspace/rustup-home:/opt/rustwide/rustup-home:ro,Z" "-e" "SOURCE_DIR=/opt/rustwide/workdir" "-e" "CARGO_TARGET_DIR=/opt/rustwide/target" "-e" "CARGO_INCREMENTAL=0" "-e" "RUST_BACKTRACE=full" "-e" "RUSTFLAGS=--cap-lints=forbid" "-e" "CARGO_HOME=/opt/rustwide/cargo-home" "-e" "RUSTUP_HOME=/opt/rustwide/rustup-home" "-w" "/opt/rustwide/workdir" "-m" "1610612736" "--user" "0:0" "--network" "none" "rustops/crates-build-env@sha256:d92eaeed33fa75130ca1ee6c8a01d1ffb62bac859dfdfb3450e3e5d1c0146529" "/opt/rustwide/cargo-home/bin/cargo" "+72f88fc4e9458f89516a0b8b0868f3718aec5b47" "check" "--frozen" "--all" "--all-targets" "--message-format=json", kill_on_drop: false }`
[INFO] [stdout] f2c9e8193117df970e50647f0a4642cc6cf2666fa99d5f98a307dbaa58e2a7ee
[INFO] [stderr] WARNING: Your kernel does not support swap limit capabilities or the cgroup is not mounted. Memory limited without swap.
[INFO] running `Command { std: "docker" "start" "-a" "f2c9e8193117df970e50647f0a4642cc6cf2666fa99d5f98a307dbaa58e2a7ee", kill_on_drop: false }`
[INFO] [stderr]     Checking rust v0.1.0 (/opt/rustwide/workdir)
[INFO] [stdout] error[E0583]: file not found for module `eea`
[INFO] [stdout]  --> src/main.rs:2:5
[INFO] [stdout]   |
[INFO] [stdout] 2 |     pub mod eea;
[INFO] [stdout]   |     ^^^^^^^^^^^^
[INFO] [stdout]   |
[INFO] [stdout]   = help: to create the module `eea`, create file "src/math_libary/eea.rs"
[INFO] [stdout] 
[INFO] [stdout] 
[INFO] [stdout] error[E0583]: file not found for module `primality`
[INFO] [stdout]  --> src/main.rs:3:5
[INFO] [stdout]   |
[INFO] [stdout] 3 |     pub mod primality;
[INFO] [stdout]   |     ^^^^^^^^^^^^^^^^^^
[INFO] [stdout]   |
[INFO] [stdout]   = help: to create the module `primality`, create file "src/math_libary/primality.rs"
[INFO] [stdout] 
[INFO] [stdout] 
[INFO] [stdout] error[E0583]: file not found for module `euler`
[INFO] [stdout]  --> src/main.rs:4:5
[INFO] [stdout]   |
[INFO] [stdout] 4 |     pub mod euler;
[INFO] [stdout]   |     ^^^^^^^^^^^^^^
[INFO] [stdout]   |
[INFO] [stdout]   = help: to create the module `euler`, create file "src/math_libary/euler.rs"
[INFO] [stdout] 
[INFO] [stdout] 
[INFO] [stdout] error[E0583]: file not found for module `eea`
[INFO] [stdout]  --> src/main.rs:2:5
[INFO] [stdout]   |
[INFO] [stdout] 2 |     pub mod eea;
[INFO] [stdout]   |     ^^^^^^^^^^^^
[INFO] [stdout]   |
[INFO] [stdout]   = help: to create the module `eea`, create file "src/math_libary/eea.rs"
[INFO] [stdout] 
[INFO] [stdout] 
[INFO] [stdout] error[E0583]: file not found for module `primality`
[INFO] [stdout]  --> src/main.rs:3:5
[INFO] [stdout]   |
[INFO] [stdout] 3 |     pub mod primality;
[INFO] [stdout]   |     ^^^^^^^^^^^^^^^^^^
[INFO] [stdout]   |
[INFO] [stdout]   = help: to create the module `primality`, create file "src/math_libary/primality.rs"
[INFO] [stdout] 
[INFO] [stdout] 
[INFO] [stdout] error[E0583]: file not found for module `euler`
[INFO] [stdout]  --> src/main.rs:4:5
[INFO] [stdout]   |
[INFO] [stdout] 4 |     pub mod euler;
[INFO] [stdout]   |     ^^^^^^^^^^^^^^
[INFO] [stdout]   |
[INFO] [stdout]   = help: to create the module `euler`, create file "src/math_libary/euler.rs"
[INFO] [stdout] 
[INFO] [stdout] 
[INFO] [stdout] error[E0425]: cannot find function `ea` in module `math_libary::eea`
[INFO] [stdout]   --> src/main.rs:10:40
[INFO] [stdout]    |
[INFO] [stdout] 10 |     println!("{:?}", math_libary::eea::ea(33,3));
[INFO] [stdout]    |                                        ^^ not found in `math_libary::eea`
[INFO] [stdout] 
[INFO] [stdout] 
[INFO] [stdout] error[E0425]: cannot find function `prime` in module `math_libary::primality`
[INFO] [stdout]   --> src/main.rs:11:70
[INFO] [stdout]    |
[INFO] [stdout] 11 |     println!("\n The number is prime: {:?}", math_libary::primality::prime(9));
[INFO] [stdout]    |                                                                      ^^^^^ not found in `math_libary::primality`
[INFO] [stdout] 
[INFO] [stdout] 
[INFO] [stdout] error[E0425]: cannot find function `etf` in module `math_libary::euler`
[INFO] [stdout]   --> src/main.rs:12:51
[INFO] [stdout]    |
[INFO] [stdout] 12 |     println!("phi equals {}", math_libary::euler::etf(9));
[INFO] [stdout]    |                                                   ^^^ not found in `math_libary::euler`
[INFO] [stdout] 
[INFO] [stdout] 
[INFO] [stdout] error[E0425]: cannot find function `ea` in module `math_libary::eea`
[INFO] [stdout]   --> src/main.rs:10:40
[INFO] [stdout]    |
[INFO] [stdout] 10 |     println!("{:?}", math_libary::eea::ea(33,3));
[INFO] [stdout]    |                                        ^^ not found in `math_libary::eea`
[INFO] [stdout] 
[INFO] [stdout] 
[INFO] [stdout] error[E0425]: cannot find function `prime` in module `math_libary::primality`
[INFO] [stdout]   --> src/main.rs:11:70
[INFO] [stdout]    |
[INFO] [stdout] 11 |     println!("\n The number is prime: {:?}", math_libary::primality::prime(9));
[INFO] [stdout]    |                                                                      ^^^^^ not found in `math_libary::primality`
[INFO] [stdout] 
[INFO] [stdout] 
[INFO] [stdout] error[E0425]: cannot find function `etf` in module `math_libary::euler`
[INFO] [stdout]   --> src/main.rs:12:51
[INFO] [stdout]    |
[INFO] [stdout] 12 |     println!("phi equals {}", math_libary::euler::etf(9));
[INFO] [stdout]    |                                                   ^^^ not found in `math_libary::euler`
[INFO] [stdout] 
[INFO] [stdout] 
[INFO] [stdout] error: aborting due to 6 previous errors
[INFO] [stdout] 
[INFO] [stdout] 
[INFO] [stdout] Some errors have detailed explanations: E0425, E0583.
[INFO] [stdout] 
[INFO] [stdout] For more information about an error, try `rustc --explain E0425`.
[INFO] [stdout] 
[INFO] [stderr] error: could not compile `rust`.
[INFO] [stdout] error: aborting due to 6 previous errors
[INFO] [stdout] 
[INFO] [stdout] 
[INFO] [stderr] 
[INFO] [stdout] Some errors have detailed explanations: E0425, E0583.
[INFO] [stdout] 
[INFO] [stderr] To learn more, run the command again with --verbose.
[INFO] [stdout] For more information about an error, try `rustc --explain E0425`.
[INFO] [stdout] 
[INFO] [stderr] warning: build failed, waiting for other jobs to finish...
[INFO] [stderr] error: build failed
[INFO] running `Command { std: "docker" "inspect" "f2c9e8193117df970e50647f0a4642cc6cf2666fa99d5f98a307dbaa58e2a7ee", kill_on_drop: false }`
[INFO] running `Command { std: "docker" "rm" "-f" "f2c9e8193117df970e50647f0a4642cc6cf2666fa99d5f98a307dbaa58e2a7ee", kill_on_drop: false }`
[INFO] [stdout] f2c9e8193117df970e50647f0a4642cc6cf2666fa99d5f98a307dbaa58e2a7ee
